ose -2*h + 5*d = -8, -4*h + 84*d - 87*d + 16 = 0. Let u(p) = 5 - 81*p - p**2 + 86*p - 2. Determine u(h).
7
Let k(l) = -2*l**2 + 8*l + 8. Let x be k(-1). Let z(u) = -2*u**3 - 2*u**2 - 4*u - 8. What is z(x)?
8
Let c(s) = -3*s**2 + 27*s + 33. Suppose -3*h - 5 = 5*z, -3*h = 21*z - 17*z - 2. What is c(h)?
3
Let f(g) be the third derivative of -g**6/120 + g**5/12 - 3*g**4/8 + 5*g**3/3 + 1052*g**2. Give f(7).
-151
Let x = 6214 + -6212. Let q(b) = -2*b - 30. What is q(x)?
-34
Let m(x) = -148*x**2 - 5 + 14 - 2*x + 147*x**2 + 45. Let l be m(7). Let g(n) = n**2 + 11*n + 11. What is g(l)?
-7
Suppose -8 = -3*i + 4*y, 15 = 4*i + i - 5*y. Let o be ((-630)/(-504))/(1*1/i). Let b(l) = -l**2 + 4*l + 5. What is b(o)?
0
Suppose -3*f - 2 = -f + 5*z, 0 = -5*z - 10. Suppose 4*t - 16*w + 12*w = 20, 2 = -2*w. Let x(k) = 2 - 5 + 16*k + t + 0 - 17*k. Give x(f).
-3
Let x(z) = -5*z**3 + 46*z**2 + 0 + 6*z**3 - 2 + 4 - 9*z - 40*z**2. Give x(-7).
16
Suppose 0 = h + 4*z, -2*h = 3*h - 4*z. Suppose h = -v - 3*v. Suppose -18*c + 15*c + 3 = v. Let u(w) = 7*w**3 + w**2 - w. Give u(c).
7
Let p(w) = 2*w - 3. Let i(q) = 7 + 14*q**2 + 22 - 26*q + 9*q**3 - 10*q**3. Let m be i(12). Suppose -l - m = 3*d, 0 = -4*d - 0*d - 12. Give p(l).
5
Let k = 6849 + -6844. Let d(z) be the third derivative of 1/15*z**5 + 1/24*z**4 + 2/3*z**3 - k*z**2 - 1/120*z**6 + 0*z + 0. Calculate d(4).
8
Let s(g) = g**3 + 3*g**2 - 3*g. Suppose j = -12*j - 923. Let a = j + 67. Determine s(a).
-4
Suppose 6*n - 4*j = n + 28, -n + 4*j + 12 = 0. Let s(v) = -v**2 - 37 + 27 - 3*v - n*v - 6*v. Determine s(-12).
2
Let u(c) = c**3 - c**2 + c + 1. Let p = -182 - -185. Let n(v) = 2*v**3 + 5*v**2 + 4*v + 10. Let d(i) = p*u(i) - n(i). What is d(8)?
-15
Let a(z) = z**3 + 21*z**2 - 6*z - 1 + 7 - 14*z - z + 13. Give a(-22).
-3
Let k(y) = 13*y**2 + 30*y. Let z be k(-3). Suppose -z = 22*b + 171. Let g(i) be the first derivative of i**2 + 10*i - 2. Give g(b).
-8
Let x(c) = -28*c - 310. Let d be x(-11). Let v(r) = r**2 - 3. What is v(d)?
1
Let x(w) = -43*w + 9. Suppose 6*t - 286*k - 12 = -288*k, -k = 2*t - 4. Give x(t).
-77
Let t(d) = -55*d + 4178. Let k be t(76). Let g(m) = 3*m**2 + 2*m - 1. Give g(k).
7
Let g(m) be the second derivative of 0*m**4 + 0 + 1/20*m**5 - 1/6*m**3 - 1/2*m**2 + 21*m. Let f be (13 - 12)/(2 - 3). Determine g(f).
-1
Let j(a) = a**2 + a - 2. Suppose 0 = -22*u + 21*u + 96. Let t be (-4)/3 + (-64)/u. What is j(t)?
0
Suppose 335 + 321 = -52*h + 136. Let n(l) = -l**2 - 6*l + 8. Let w(j) = -j**2 - 9*j + 8*j - 6*j + 2 + 6. Let r(t) = 2*n(t) - 3*w(t). Give r(h).
2
Let m = 3572 + -3566. Let f(s) be the third derivative of 0*s**5 + 0 + 1/120*s**m - 1/24*s**4 + 0*s + 15*s**2 + 11/3*s**3. Calculate f(0).
22
Let p(x) = -691*x - 17 - 694*x - 695*x + 2077*x. Determine p(-9).
10
Suppose 107*g = -660 + 2586. Let v(l) = 7*l + 23. Calculate v(g).
149
Let s(w) be the third derivative of -w**6/120 - w**5/12 - w**4/8 + w**3/2 + w**2 + 27244*w. Let q = 0 + 0. Suppose 3*b - b + 6 = q. What is s(b)?
-6
Let y = 6 + -9. Let o(x) = -6*x**2 + 3*x + 6. Let h(q) = 3*q - 5*q**2 - 93 + 185 - 87. Let w(j) = y*o(j) + 4*h(j). Give w(4).
-18
Suppose -121*h + 2926 = 33*h. Let p(z) be the first derivative of -6*z - 2/3*z**3 - h + 7/2*z**2. Calculate p(5).
-21
Let q(n) be the second derivative of -n**4/12 - 19*n**3/6 - 35*n**2/2 - 13690*n. Calculate q(-23).
-127
Let y(a) = 11*a**2 + 20 - a**3 - 5*a + 13 + 21 - 24 - 10*a. Determine y(10).
-20
Let k(i) = -13*i + 46. Let j be k(6). Let w = j - -35. Suppose w*p + 20 = 5*s, -2 = -0*s + 3*s + p. Let g(a) = -7*a**2 - 1. Calculate g(s).
-8
Let t(d) = -d**2 - d + 44. Let z = -5774 + 5768. Calculate t(z).
14
Let u(j) = 2*j**2 + 2*j - 2. Let s(b) = b**3 - 7*b**2 + 52*b - 489. Let i be s(8). Let r be (-2)/(-8) + (-18)/8. Let g be (6/i)/(r/(-6)). What is u(g)?
2
Let y(j) = 11445*j**2 + 6*j - 11458*j**2 + 21 + 2 + 0*j**3 - 12*j - j**3. Calculate y(-12).
-49
Let l(u) = 24*u - 17. Let m be l(1). Let j(a) = a**2 + 5*a - 70. Let q be j(m). Let g(y) = -y**3 + 15*y**2 - 14*y + 1. Determine g(q).
1
Suppose 4502*l - 4498*l = 0. Let h(z) = 10*z + 64. Give h(l).
64
Let n(v) be the first derivative of -4*v**2 + 3*v + 9511. Suppose -3*k - 9 = -3. Calculate n(k).
19
Suppose 297 = 7*z + 24*z + 68*z. Let g(s) = 14*s + 8. Give g(z).
50
Suppose -4*b - 2*h + 60 - 98 = 0, -4*b - h - 37 = 0. Let k(r) = -5*r. Determine k(b).
45
Let r be 145/(-20) - -8 - (-1822)/(-8). Let k = -231 - r. Let a(z) be the first derivative of -3*z**2/2 - 8. Determine a(k).
12
Let t(a) = -5*a - 50. Suppose -71*d = -13*d + 580. Give t(d).
0
Suppose 5*r + 4*s = 1608, 4*r - 14*s = -9*s + 1311. Let a(u) = -627*u + 318*u + r*u - 2. Calculate a(1).
13
Let b(l) = -l + 3. Let m(k) = -7*k**2 + 897*k + 10 + 7 - 892*k + k**3 - 5. Let f be m(6). What is b(f)?
-3
Let x(c) = 59 - 8*c - 182 + 26 + 53 + 51. Suppose -4*z = -7*z + 2*g + 16, 3*z = g + 17. Calculate x(z).
-41
Let r(f) = -f**3 - 6*f**2 + 9*f - 5. Suppose 5*w - 9*t = -11*t - 475, 190 = -2*w + 5*t. Let x = -102 - w. What is r(x)?
-19
Let t(c) = -c**2 + 19*c - 26. Let x be t(16). Suppose x*g - 23*g + 9 = 0. Let i(y) = -8*y - 4. Let w(d) = -3*d - 1. Let z(v) = 4*i(v) - 11*w(v). Calculate z(g).
4
Let p(j) = -5*j**3 + 78639*j**2 + 10 - 1 - 78643*j**2 + 3*j + 2*j**3. Give p(-3).
45
Suppose -5*y + 3*x - 12 = 0, 3*y - 10*x - 12 = -5*x. Let w(a) be the third derivative of a**5/60 + a**4/4 + 5*a**3/6 + a**2. What is w(y)?
5
Let j(v) = -7*v**2 + 49*v + 66. Let y(z) = -6*z**2 + 38*z + 66. Let d(m) = -5*j(m) + 6*y(m). What is d(-20)?
6
Let o(r) be the third derivative of 5*r**4/12 - 3*r**3 - 17*r**2 + 38*r + 1. Calculate o(2).
2
Let n(w) = -12*w - 132. Let b be n(-11). Let z(d) = d**2 + d + 57. Calculate z(b).
57
Let t(c) = -c**2 - 6*c + 16. Let k(y) = y**3 + 21*y**2 - 44*y - 2. Let i be k(2). What is t(i)?
0
Suppose 0 = 12*g - 169*g. Let w(p) = -2*p**2 - 5*p + 29. Calculate w(g).
29
Let z = 2 + 0. Let r(h) be the second derivative of -4*h**3/3 - h**2 + 29030*h. Give r(z).
-18
Let o = 8069 + -8075. Let y(c) = -c**3 - 3*c**2 + 16*c - 5. What is y(o)?
7
Let t(h) = 4*h + 0*h + 4*h + 259 + h**2 - 240. Determine t(-9).
28
Let o(v) = 2*v**2 - 48*v + 45. Let r = -3727 + 3750. What is o(r)?
-1
Let s(a) = -a**3 + 10*a**2 - 7*a - 12. Suppose 92*c - 68*c = 0. Suppose -4*t - 15*y + 12*y = -33, c = -5*t + 5*y + 50. Determine s(t).
6
Let h(j) = j**2 - j + 21. Let q be h(0). Let v be 175/q - (-2)/(-6). Let d(i) = -12 + v - 4*i + i**3 - 1 - 6*i**2. Calculate d(7).
16
Let w(o) be the third derivative of o**6/120 + 7*o**5/30 + 2*o**4 - 5*o**3/6 + 2*o**2 + 153. Give w(-8).
-5
Let x = 74 - 77. Let t be (x - 0/5)*-1. Let g(b) = 3*b + 2*b**2 - 11*b**3 - 2*b - 2*b + 2*b**t. Give g(1).
-8
Let n(v) = 112 + 84*v**2 - v - 261*v**2 + 90*v**2 - 108 + 86*v**2. Give n(-4).
-8
Let r(m) = -4*m + 12. Let n(p) = p - 4. Let i(b) = -7*n(b) - 2*r(b). Suppose 13612 = 24*a + 13756. Calculate i(a).
-2
Let w be (-6)/2*(-328)/82. Let i(c) = c**3 - 14*c**2 + 24*c + 1. What is i(w)?
1
Let v be 0 + (4 - 12) + (-4)/(-4). Let u(w) be the second derivative of -w**5/20 - w**4/2 + 3*w**3/2 - w**2 - 11*w. Give u(v).
-16
Let c(j) be the second derivative of 0 - 1/3*j**3 - 13/2*j**2 - 38*j. What is c(-9)?
5
Let z(s) = 5*s + 8830 - 4*s - 8838. Suppose 5*d + 32 = 9*d. Give z(d).
0
Let w = 12 + -12. Suppose w = 4*z + n - 11, 0 = -7*z + 3*z - 2*n + 14. Let x(u) be the second derivative of -u**5/20 - u**4/6 + 3*u - 4. Calculate x(z).
-16
Let b = -29563 - -29535. Let n(o) = -o**3 - 27*o**2 + 28*o + 11. Give n(b).
11
Let s(w) = 9*w**2 - 8*w + 2. Let t(g) = 5*g**2 - 4*g + 1. Let d(h) = -4*s(h) + 7*t(h). Let r(y) = -10*y - 257. Let k be r(-26). Calculate d(k).
2
Suppose 635*p = 634*p + 3. Suppose p*t + 16 = -s, 8 = -5*s + 3*t + 18. Let k(y) = 2*y**3. What is k(s)?
-2
Suppose -5*h = -2*h - 162. Suppose -78 - h = -3*y. Let d = y + -44. Let w(n) = -n**2 - 7. Give w(d).
-7
Let w(q) = -q**3 - 6*q**2 - q + 17. Let c be ((-66)/(-121))/((-21)/154). Determine w(c).
-11
Let f(g) = -16*g - 122. Let u(v) = 2*v - 16. Let q(y) = -f(y) - 2*u(y). Calculate q(-12).
10
Suppose -2*n + o + 5 + 13 = 0, n - 4*o = 16. Let g(j) = 1 + n*j - j + 4*j + 5*j. What is g(2)?
33
Let u(g) be the third derivative of -g**6/60 - 4*g**5/15 - g**4/24 - 13*g**3/6 - 1118*g**2. Calculate u(-8).
-5
Let c(r) = r**3 - 9*r**2 -